{"id":102,"date":"2016-08-01T17:08:55","date_gmt":"2016-08-01T17:08:55","guid":{"rendered":"http:\/\/sastamalanau.fi\/sau\/?page_id=102"},"modified":"2023-12-14T15:54:42","modified_gmt":"2023-12-14T15:54:42","slug":"hallitus","status":"publish","type":"page","link":"http:\/\/sastamalanau.fi\/sau\/hallitus\/","title":{"rendered":"Hallitus"},"content":{"rendered":"\n<figure class=\"wp-block-table\"><table><tbody><tr><td><strong>Nimi<\/strong><\/td><td><strong>Teht\u00e4v\u00e4<\/strong><\/td><td><strong>Puhelin<\/strong><\/td><td><strong>S\u00e4hk\u00f6posti<\/strong><\/td><\/tr><tr><td>Sanni Saarela<\/td><td>Puheenjohtaja<\/td><td>0400-848057<\/td><td>sanni.ksaarela@gmail.com<\/td><\/tr><tr><td>Tanja Tuomisto<\/td><td>Sihteeri + rahastonhoitaja<\/td><td>040-5689205<\/td><td>tanja.tuomisto@terveystalo.fi<\/td><\/tr><tr><td>Henri Tuomisto<\/td><td><\/td><td>050-3087750<\/td><td>henrituomisto.ralli@gmail.com<\/td><\/tr><tr><td>Kari Suhonen<\/td><td><\/td><td>050-5551799<\/td><td>kari.suhonen@kopteri.net<\/td><\/tr><tr><td>Juha Saarela<\/td><td><\/td><td>045-2629550<\/td><td>jrmsaarela@gmail.com<\/td><\/tr><tr><td>Tommi Joki<\/td><td><\/td><td>050-5570410<\/td><td>tommisjoki@gmail.com<\/td><\/tr><tr><td>Petri Pyym\u00e4ki<\/td><td>Varaj\u00e4sen<\/td><td>0500-339576<\/td><td>puumuki@gmail.com<\/td><\/tr><tr><td>Jari Tuomisto<\/td><td>Varaj\u00e4sen<\/td><td>0500-901906<\/td><td>jtuomisto10@gmail.com<\/td><\/tr><tr><td><\/td><td><\/td><td><\/td><td><\/td><\/tr><\/tbody><\/table><\/figure>\n","protected":false},"excerpt":{"rendered":"<p>Nimi Teht\u00e4v\u00e4 Puhelin S\u00e4hk\u00f6posti Sanni Saarela Puheenjohtaja 0400-848057 sanni.ksaarela@gmail.com Tanja Tuomisto Sihteeri + rahastonhoitaja 040-5689205 tanja.tuomisto@terveystalo.fi Henri Tuomisto 050-3087750 henrituomisto.ralli@gmail.com[&#8230;]<\/p>\n","protected":false},"author":1,"featured_media":0,"parent":0,"menu_order":0,"comment_status":"closed","ping_status":"closed","template":"","meta":{"footnotes":""},"class_list":["post-102","page","type-page","status-publish","hentry"],"_links":{"self":[{"href":"http:\/\/sastamalanau.fi\/sau\/wp-json\/wp\/v2\/pages\/102","targetHints":{"allow":["GET"]}}],"collection":[{"href":"http:\/\/sastamalanau.fi\/sau\/wp-json\/wp\/v2\/pages"}],"about":[{"href":"http:\/\/sastamalanau.fi\/sau\/wp-json\/wp\/v2\/types\/page"}],"author":[{"embeddable":true,"href":"http:\/\/sastamalanau.fi\/sau\/wp-json\/wp\/v2\/users\/1"}],"replies":[{"embeddable":true,"href":"http:\/\/sastamalanau.fi\/sau\/wp-json\/wp\/v2\/comments?post=102"}],"version-history":[{"count":23,"href":"http:\/\/sastamalanau.fi\/sau\/wp-json\/wp\/v2\/pages\/102\/revisions"}],"predecessor-version":[{"id":388,"href":"http:\/\/sastamalanau.fi\/sau\/wp-json\/wp\/v2\/pages\/102\/revisions\/388"}],"wp:attachment":[{"href":"http:\/\/sastamalanau.fi\/sau\/wp-json\/wp\/v2\/media?parent=102"}],"curies":[{"name":"wp","href":"https:\/\/api.w.org\/{rel}","templated":true}]}}