{"id":181,"date":"2017-02-01T18:48:45","date_gmt":"2017-02-01T18:48:45","guid":{"rendered":"http:\/\/sastamalanau.fi\/sau\/?page_id=181"},"modified":"2017-02-07T16:04:12","modified_gmt":"2017-02-07T16:04:12","slug":"vuosi-2015","status":"publish","type":"page","link":"http:\/\/sastamalanau.fi\/sau\/vuosi-2015\/","title":{"rendered":"Vuosi 2015"},"content":{"rendered":"<p>Sastamalan Autourheilijat ry:n\u00a0<strong>SYYSKOKOUS JA SAUNAILTA<\/strong>\u00a0la 31.10.2015 klo 18.00 Heinoon mets\u00e4stysseuran m\u00f6kill\u00e4 Aarikkarannassa, osoite Kuntolantie 20, 38210 Sastamala.<br \/>\nTilaisuus alkaa s\u00e4\u00e4nt\u00f6m\u00e4\u00e4r\u00e4isell\u00e4 syyskokouksella, jonka j\u00e4lkeen tarjolla on ruokaa sek\u00e4 virvokkeita. Lis\u00e4ksi palkitsemme seuraamme edustaneita kilpailijoita ja toimitsijoita. Ilta jatkuu saunomisen ja vapaan seurustelun merkeiss\u00e4.<br \/>\nHallitus kokoontuu klo 16.00.<br \/>\nIlmoittautuminen su 25.10. menness\u00e4 SAU:n nettisivuilla olevalla Palautelomakkeella (viestikentt\u00e4\u00e4n Saunailta ja henkil\u00f6n nimi). Voit ilmoittaa samalla viestill\u00e4 useamman henkil\u00f6n.<br \/>\nVoit ilmoittautua my\u00f6s tekstiviestill\u00e4 numeroon 050\u00a0300 7480 tai s\u00e4hk\u00f6postilla\u00a0<span id=\"cloak72300\"><a href=\"mailto:minnat@kopteri.net\">minnat@kopteri.net<\/a><\/span><\/p>\n<p><strong>RATATUOMAREITA TARVITAAN<\/strong><br \/>\nHuittisten SM-rallisprint su 11.10.2015<br \/>\nYyhteyshenkil\u00f6 Jari Tuomisto, puh. 0500 901 906<\/p>\n<p><strong>EK-HOIDOT<\/strong><br \/>\nRantaralli la 10.10.2015 Myn\u00e4m\u00e4ki, Naantalin Seudun UA<br \/>\nHoidamme rallissa EK 6 maalin.<br \/>\nMaalin EK-p\u00e4\u00e4llikk\u00f6 Mika Karvonen, puh. 040-5822113<br \/>\nHuom! Sulkuaika on muuttunut klo 15.20 &#8211; 22.30<br \/>\nEK:n pituus 12,66 km.<br \/>\nKokoontuminen Laitilan Shellill\u00e4 klo 14.30.<\/p>\n<p>Pirelli-ralli pe 25.9.2015 (SM-ralli) Tampereen UA<br \/>\nHuom! p\u00e4iv\u00e4 on perjantai.<br \/>\nHoidamme rallissa EK2 yhdess\u00e4 Pohjois-H\u00e4meen UA:n kanssa.<br \/>\nSulkuaika klo 18.00 &#8211; 23.30.<br \/>\nEK:n pituus 16,01 km<br \/>\nKokoontuminen ST1:ll\u00e4 klo 16.45 (Yl\u00f6j\u00e4rvi-Kuru tie nro 65)<br \/>\nYhteyshenkil\u00f6 Jari Tuomisto, puh. 0500 901\u00a0906.<\/p>\n<p><strong>Ruoveden rallisprint su 13.9.2015<\/strong><br \/>\nYhteyshenkil\u00f6 Esko Pyym\u00e4ki, puh. 050\u00a0541 5273<\/p>\n<p><strong>EK-HOITO<\/strong><br \/>\nUusikaupunki-ralli la 12.9.2015 (HRT) Turun Moottoriseura<br \/>\nHoidamme rallissa EK 4 yhdess\u00e4 Huittisten UA:n ja Kyr\u00f6n Seudun UA:n kanssa.<br \/>\nSulkuaika: 11.50 \u2013 20.20<br \/>\nEK:n pituus 9,35 km<br \/>\nKokoontuminen Laitilan Shellill\u00e4 klo 10.45.<br \/>\nYhteyshenkil\u00f6: Jari Tuomisto, puh. 0500 901 906<br \/>\n<strong>Hoitamamme Uusikaupunki-rallin EK 4 yhdess\u00e4 Huittisten UA:n ja Kyr\u00f6n Seudun UA:n kanssa valittiin rallin parhaiten j\u00e4rjestetyksi erikoiskokeeksi. Kiitos siit\u00e4 kaikille mukana olleille!<\/strong><\/p>\n<p><strong>EK-HOITO<\/strong><br \/>\nSM-ralli Turku pe 28.8.2015 (SM-ralli) Turun UA<br \/>\nHuom! p\u00e4iv\u00e4 on perjantai.<br \/>\nSulkumiehi\u00e4 tarvitaan, yhteys Jari Tuomistoon, puh. 0500 901\u00a0906.<br \/>\nSulkuaika klo 18.45 \u2013 01.45<\/p>\n<p><strong>TALKOOT MONAKOSSA to 13.8.2015 klo 17.30 alkaen<\/strong><br \/>\nSiistit\u00e4\u00e4n mm. JM rata-alueen reunoja ja varikkoaluetta. Raivaussahoja ja siimaleikkureita mukaan.<br \/>\nTarjolla makkaraa, juomaa, kahvia ja pullaa.<\/p>\n<p><strong>VALVOLINE JM la 18.7.2015 alkaen klo 12.00 Huittisten Kuninkaisten radalla<\/strong><br \/>\nJM-kilpailun palaveri SAU:n kerholla ti 14.7.2015 klo 18.00<\/p>\n<p><strong>VALVOLINE JM PALAVERI ti 23.6.2015 klo 18.00<\/strong><br \/>\nkerhotilassa, osoite: Pirantie 2, Sastamala<\/p>\n<p><strong>EK-HOITO<\/strong><br \/>\nNilfisk-ralli la 6.6.2015 (junnu-SM) Raision UA<br \/>\nHoidamme rallissa EK2 (8,05 km) l\u00e4hd\u00f6n ja sulkuja yhdess\u00e4 HuiUA:n kanssa.<br \/>\nSulkuaika klo 11.23 &#8211; 18.03.<br \/>\nKokoontuminen klo 10.15 Virtorin pihassa, kantatie 41 varrella Orip\u00e4\u00e4ss\u00e4.<br \/>\nYhteyshenkil\u00f6 Mika Karvonen, puh. 040 582 2113.<\/p>\n<p><strong>EK-HOITO<\/strong><br \/>\nTeijotalot ralli la 23.5.2015 Salon UA<br \/>\nHoidamme rallissa sulkuja EK 4:lla, joka ajetaan Someron suunnalla.<br \/>\nSulkuaika klo 13.00 \u2013 20.45.<br \/>\nKokoontumispaikka: 23.5 klo 9.30 Somerniemen kes\u00e4tori, Puutarhatie 1, Somero<br \/>\nYhteyshenkil\u00f6 Jari Tuomisto, puh. 0500 901 906.<\/p>\n<p><strong>TALKOOT MONAKOSSA ti 19.5.2015 klo 18.00.<\/strong><br \/>\nPidet\u00e4\u00e4n katselmus ja maalataan tuomaritornin ikkunanpuitteita.<br \/>\nTarjolla makkaraa ja kahvia.<\/p>\n<p><strong>JM J\u00c4RJESTELYPALAVERI ti 12.5.2015 klo 18.00 kerhotilassa.<\/strong><br \/>\nTeht\u00e4vi\u00e4 on viel\u00e4 paljon tarjolla.<\/p>\n<p><strong>KIITOS!<\/strong><br \/>\nKiitokset kaikille SAU:n 50-vuotisjuhlaan osallistuneille. Teitte juhlasta arvokkaan.<br \/>\nJuhlassa julkaistiin my\u00f6s seuran historiikki, jota j\u00e4senill\u00e4 on mahdollisuus hankkia 20 euron hintaan.<br \/>\nYhteydenotot: Minna Tuomisto, puh. 050 3007480 tai<\/p>\n<p><strong>SAU &#8211; 50 VUOTTA<\/strong><br \/>\nJuhlimme seuran 50-vuotista taivalta Vammalan Seurahuoneella (os. Puistokatu 4, Sastamala)<br \/>\nla 18.4.2015 klo 17.00.<br \/>\nTervetuloa tapaamaan tuttuja, muistelemaan autourheilun historiaa ja nauttimaan hyv\u00e4st\u00e4 ruuasta, ohjelmasta ja tanssista.<br \/>\nIllalliskortin juhlaan voi ostaa maksamalla 35 euroa\/hl\u00f6 seuran tilille FI39 5660 0640 0207 15.<br \/>\nLaita viestikentt\u00e4\u00e4n osallistujien nimet ja osoite, johon illalliskortit voi postittaa. Viimeinen maksup\u00e4iv\u00e4 on ti 7.4.2015.<br \/>\nIllalliskortin hinta sis\u00e4lt\u00e4\u00e4 ruuan ja alkumaljan.<br \/>\nMik\u00e4li et p\u00e4\u00e4se osallistumaan juhlaan, tervetuloa onnittelujen vastaanottotilaisuuteen kakkukahville juhlap\u00e4iv\u00e4n\u00e4 Vammalan Seurahuoneelle klo 15.30 \u2013 16.30.<br \/>\nMahdolliset huomionosoitukset voitte osoittaa seuran tilille FI39 5660 0640 0207 15.<br \/>\nVarat k\u00e4ytet\u00e4\u00e4n seuraty\u00f6n kehitt\u00e4miseen.<br \/>\nLis\u00e4tietoja saa sihteerilt\u00e4 Minna Tuomistolta puh. 050 3007480 tai s-posti:\u00a0<span id=\"cloak63440\"><a href=\"mailto:minnat@kopteri.net\">minnat@kopteri.net<\/a><\/span><\/p>\n<p><strong>KEV\u00c4TKOKOUS<\/strong><br \/>\nti 7.4.2015 klo 19.00 kerhotilassa, os. Pirantie 2, Sastamala.<br \/>\nK\u00e4sitell\u00e4\u00e4n s\u00e4\u00e4nt\u00f6jen m\u00e4\u00e4r\u00e4\u00e4m\u00e4t asiat.<br \/>\nKahvitarjoilu.<br \/>\nTervetuloa!\u00a0\u00a0\u00a0 Hallitus<\/p>\n<p><strong>EK-HOITO<\/strong><br \/>\nH\u00e4meen ralli 7.2.2015 (F-cup) Urjalassa<br \/>\nHoidamme rallissa EK4 yhdess\u00e4 HuiUA:n kanssa. Sulkuaika alkaa klo 12.00 &#8211; 19.00.<br \/>\nKokoontuminen Halkivahan Seolla klo 10.30.<br \/>\nYhteyshenkil\u00f6 Jari Tuomisto, puh. 0500 901 906.<\/p>\n","protected":false},"excerpt":{"rendered":"<p>Sastamalan Autourheilijat ry:n\u00a0SYYSKOKOUS JA SAUNAILTA\u00a0la 31.10.2015 klo 18.00 Heinoon mets\u00e4stysseuran m\u00f6kill\u00e4 Aarikkarannassa, osoite Kuntolantie 20, 38210 Sastamala. Tilaisuus alkaa s\u00e4\u00e4nt\u00f6m\u00e4\u00e4r\u00e4isell\u00e4[&#8230;]<\/p>\n","protected":false},"author":1,"featured_media":0,"parent":0,"menu_order":0,"comment_status":"closed","ping_status":"closed","template":"","meta":{"footnotes":""},"class_list":["post-181","page","type-page","status-publish","hentry"],"_links":{"self":[{"href":"http:\/\/sastamalanau.fi\/sau\/wp-json\/wp\/v2\/pages\/181","targetHints":{"allow":["GET"]}}],"collection":[{"href":"http:\/\/sastamalanau.fi\/sau\/wp-json\/wp\/v2\/pages"}],"about":[{"href":"http:\/\/sastamalanau.fi\/sau\/wp-json\/wp\/v2\/types\/page"}],"author":[{"embeddable":true,"href":"http:\/\/sastamalanau.fi\/sau\/wp-json\/wp\/v2\/users\/1"}],"replies":[{"embeddable":true,"href":"http:\/\/sastamalanau.fi\/sau\/wp-json\/wp\/v2\/comments?post=181"}],"version-history":[{"count":3,"href":"http:\/\/sastamalanau.fi\/sau\/wp-json\/wp\/v2\/pages\/181\/revisions"}],"predecessor-version":[{"id":199,"href":"http:\/\/sastamalanau.fi\/sau\/wp-json\/wp\/v2\/pages\/181\/revisions\/199"}],"wp:attachment":[{"href":"http:\/\/sastamalanau.fi\/sau\/wp-json\/wp\/v2\/media?parent=181"}],"curies":[{"name":"wp","href":"https:\/\/api.w.org\/{rel}","templated":true}]}}