{"id":183,"date":"2017-02-01T18:49:21","date_gmt":"2017-02-01T18:49:21","guid":{"rendered":"http:\/\/sastamalanau.fi\/sau\/?page_id=183"},"modified":"2017-02-07T16:12:50","modified_gmt":"2017-02-07T16:12:50","slug":"vuosi-2014","status":"publish","type":"page","link":"http:\/\/sastamalanau.fi\/sau\/vuosi-2014\/","title":{"rendered":"Vuosi 2014"},"content":{"rendered":"<p><strong>Sastamalan Autourheilijat palkitsivat syyskokouksessaan lauantaina 1.11. menestyneit\u00e4 kuljettajia ja toimitsijoita.<\/strong><\/p>\n<p style=\"text-align: left;\">Rallin I-ohjaaja\u00a0\u00a0\u00a0\u00a0\u00a0\u00a0\u00a0\u00a0\u00a0\u00a0\u00a0\u00a0\u00a0\u00a0\u00a0\u00a0\u00a0\u00a0 Henri Haapam\u00e4ki<br \/>\nRallin II-ohjaaja\u00a0\u00a0\u00a0\u00a0\u00a0\u00a0\u00a0\u00a0\u00a0\u00a0\u00a0\u00a0\u00a0\u00a0\u00a0\u00a0\u00a0 Aaro M\u00e4kel\u00e4<br \/>\nRalli nuoret\u00a0\u00a0\u00a0\u00a0\u00a0\u00a0\u00a0\u00a0\u00a0\u00a0\u00a0\u00a0\u00a0\u00a0\u00a0\u00a0\u00a0\u00a0\u00a0\u00a0\u00a0\u00a0\u00a0\u00a0 Lauri Joona<br \/>\nRallisprint\u00a0\u00a0\u00a0\u00a0\u00a0\u00a0\u00a0\u00a0\u00a0\u00a0\u00a0\u00a0\u00a0\u00a0\u00a0\u00a0\u00a0\u00a0\u00a0\u00a0\u00a0\u00a0\u00a0\u00a0\u00a0\u00a0 Juha-Pekka Koivula<br \/>\nDrifting\u00a0\u00a0\u00a0\u00a0\u00a0\u00a0\u00a0\u00a0\u00a0\u00a0\u00a0\u00a0\u00a0\u00a0\u00a0\u00a0\u00a0\u00a0\u00a0\u00a0\u00a0\u00a0\u00a0\u00a0\u00a0\u00a0\u00a0\u00a0\u00a0\u00a0\u00a0 Ari-Pekka M\u00e4kinen<br \/>\nJokamies yleinen\u00a0\u00a0\u00a0\u00a0\u00a0\u00a0\u00a0\u00a0\u00a0\u00a0 \u00a0 1. Anssi Korpela\u00a0\u00a0\u00a0\u00a0 2. Juuso Innanmaa\u00a0\u00a0\u00a0\u00a0 3. Niko Lehtinen<br \/>\nJokamies EVK\u00a0\u00a0\u00a0\u00a0\u00a0\u00a0\u00a0\u00a0\u00a0\u00a0\u00a0\u00a0\u00a0\u00a0\u00a0 \u00a0\u00a0 1. Kalle Innanmaa\u00a0\u00a0\u00a0\u00a0 2. Juuso Innanmaa\u00a0\u00a0\u00a0\u00a0 3. Miikka Saarela<br \/>\nJokamies Naiset\u00a0\u00a0\u00a0\u00a0\u00a0\u00a0\u00a0\u00a0\u00a0\u00a0 \u00a0\u00a0 1. Susanna Korpela\u00a0\u00a0\u00a0\u00a0 2. Seita-Maaria Joki<br \/>\nJokamies Nuoret\u00a0\u00a0\u00a0\u00a0\u00a0\u00a0\u00a0\u00a0\u00a0\u00a0 \u00a0 1. Samuli Saarela\u00a0\u00a0\u00a0\u00a0 2. Lauri Joona\u00a0\u00a0\u00a0\u00a0 3. Tuomas Maijala<\/p>\n<p>Lis\u00e4ksi jaettiin stipendit rallin SM-hopeasta Henri Haapam\u00e4elle ja Jokamies EVK Nuoret SM-hopeasta Lauri Joonalle.<br \/>\nVuoden toimitsija \u2013palkinnon sai Mika Karvonen ja luotettavimman toimitsijan \u2013palkinnon sai Antti Suominen.<\/p>\n<p>&nbsp;<\/p>\n<p><strong>SYYSKOKOUS JA SAUNAILTA<\/strong><br \/>\nLauantaina 1.11.2014 saunailta j\u00e4senist\u00f6lle Levon Mets\u00e4stysseuran majalla klo 18.00. Tilaisuus alkaa s\u00e4\u00e4nt\u00f6m\u00e4\u00e4r\u00e4isell\u00e4 syyskokouksella, jonka j\u00e4lkeen tarjolla on ruokaa sek\u00e4 virvokkeita. Lis\u00e4ksi palkitsemme seuraamme edustaneita kilpailijoita ja toimitsijoita sek\u00e4 merkkip\u00e4iv\u00e4\u00e4ns\u00e4 viett\u00e4vi\u00e4. Ilta jatkuu saunomisen ja vapaan seurustelun merkeiss\u00e4.<br \/>\nIlmoittautuminen su 26.10. menness\u00e4 SAU:n nettisivuilla olevalla Palautelomakkeella (viestikentt\u00e4\u00e4n Saunailta ja henkil\u00f6n nimi). Voit ilmoittaa samalla viestill\u00e4 useamman henkil\u00f6n.<br \/>\nTai tekstiviestill\u00e4 numeroon 050\u00a0300 7480 tai s\u00e4hk\u00f6postilla\u00a0<a href=\"mailto:minnat@kopteri.net\">minnat@kopteri.net<\/a><br \/>\nKiitos kaikille j\u00e4senille ja tervetuloa!<\/p>\n<p>&nbsp;<\/p>\n<p><strong>VALVOLINE JM<\/strong><br \/>\nJ\u00e4rjest\u00e4mme\u00a0\u00a0JM-kilpailun su 12.10.2014 Huittisissa Kuninkaisten Moottoriradalla.<br \/>\nKilpailunjohtaja: Niko Lehtinen, puh. 040 706 3645<\/p>\n<p>&nbsp;<\/p>\n<p><strong>EK-HOITO\u00a0<\/strong><br \/>\npe 26.09.2014\u00a0\u00a0\u00a0 SM Pirelli-ralli, Tampere<br \/>\nEK 1, pituus n. 14,7 km \u00a0\u00a0(sama EK kuin vuonna 2013, mutta toisinp\u00e4in)<br \/>\nSulkuaika 17.30 &#8211; 23.00<br \/>\nHoidetaan EK:n l\u00e4ht\u00f6 ja sulkuja.<br \/>\nKokoontuminen ST1:ll\u00e4 klo 16.45 (Yl\u00f6j\u00e4rvi-Kuru tie nro 65)<br \/>\nYhteyshenkil\u00f6n\u00e4\u00a0on\u00a0Esko\u00a0Pyym\u00e4ki,\u00a0puh. 050 541 5273.<\/p>\n<p>&nbsp;<\/p>\n<p><strong>VALVOLINE JM PALAVERI<\/strong><br \/>\nkerhotilassa ma 15.9.2014 klo 18.00.<\/p>\n<p>&nbsp;<\/p>\n<p><strong>EK-HOITO\u00a0<\/strong><br \/>\nla 07.06.2014 \u00a0\u00a0 Nilfisk-ralli, Raisio\u00a0\u00a0\u00a0\u00a0\u00a0\u00a0\u00a0\u00a0\u00a0\u00a0\u00a0\u00a0\u00a0\u00a0 F-cup<\/p>\n<p>&nbsp;<\/p>\n<p><strong>VAPPUTAPAHTUMA to 1.5.2014<\/strong><br \/>\nSastamalan Autourheilijoilla on vappuna j\u00e4lleen k\u00e4yt\u00f6ss\u00e4 pikkutori, jossa j\u00e4senist\u00f6 voi esitell\u00e4 kilpailukalustoaan. Jos tied\u00e4t n\u00e4yttelykelpoista kalustoa l\u00e4hiseudulta, ota yhteytt\u00e4 hallituksen j\u00e4seniin 15.4. menness\u00e4. Hoidamme my\u00f6s alueella makkaranmyynti\u00e4.<\/p>\n<p>&nbsp;<\/p>\n<p><strong>KEV\u00c4TKOKOUS ke 16.4.2014 klo 19.00<\/strong><br \/>\nkerhotilassa, Pirantie 2, Sastamala. Kahvitarjoilu!<br \/>\nK\u00e4sitell\u00e4\u00e4n s\u00e4\u00e4nt\u00f6jen m\u00e4\u00e4r\u00e4\u00e4m\u00e4t asiat.<\/p>\n","protected":false},"excerpt":{"rendered":"<p>Sastamalan Autourheilijat palkitsivat syyskokouksessaan lauantaina 1.11. menestyneit\u00e4 kuljettajia ja toimitsijoita. Rallin I-ohjaaja\u00a0\u00a0\u00a0\u00a0\u00a0\u00a0\u00a0\u00a0\u00a0\u00a0\u00a0\u00a0\u00a0\u00a0\u00a0\u00a0\u00a0\u00a0 Henri Haapam\u00e4ki Rallin II-ohjaaja\u00a0\u00a0\u00a0\u00a0\u00a0\u00a0\u00a0\u00a0\u00a0\u00a0\u00a0\u00a0\u00a0\u00a0\u00a0\u00a0\u00a0 Aaro M\u00e4kel\u00e4 Ralli nuoret\u00a0\u00a0\u00a0\u00a0\u00a0\u00a0\u00a0\u00a0\u00a0\u00a0\u00a0\u00a0\u00a0\u00a0\u00a0\u00a0\u00a0\u00a0\u00a0\u00a0\u00a0\u00a0\u00a0\u00a0[&#8230;]<\/p>\n","protected":false},"author":1,"featured_media":0,"parent":0,"menu_order":0,"comment_status":"closed","ping_status":"closed","template":"","meta":{"footnotes":""},"class_list":["post-183","page","type-page","status-publish","hentry"],"_links":{"self":[{"href":"http:\/\/sastamalanau.fi\/sau\/wp-json\/wp\/v2\/pages\/183","targetHints":{"allow":["GET"]}}],"collection":[{"href":"http:\/\/sastamalanau.fi\/sau\/wp-json\/wp\/v2\/pages"}],"about":[{"href":"http:\/\/sastamalanau.fi\/sau\/wp-json\/wp\/v2\/types\/page"}],"author":[{"embeddable":true,"href":"http:\/\/sastamalanau.fi\/sau\/wp-json\/wp\/v2\/users\/1"}],"replies":[{"embeddable":true,"href":"http:\/\/sastamalanau.fi\/sau\/wp-json\/wp\/v2\/comments?post=183"}],"version-history":[{"count":5,"href":"http:\/\/sastamalanau.fi\/sau\/wp-json\/wp\/v2\/pages\/183\/revisions"}],"predecessor-version":[{"id":203,"href":"http:\/\/sastamalanau.fi\/sau\/wp-json\/wp\/v2\/pages\/183\/revisions\/203"}],"wp:attachment":[{"href":"http:\/\/sastamalanau.fi\/sau\/wp-json\/wp\/v2\/media?parent=183"}],"curies":[{"name":"wp","href":"https:\/\/api.w.org\/{rel}","templated":true}]}}